Let a = o + -3. Calculate the remainder when 89 is divided by a.
29
Let q(m) = -3*m - 4. Let y be ((-1)/(-1))/(4/((-1704)/6)). Let l = y + 114. Calculate the remainder when l is divided by q(-5).
10
Let z = 176 + -141. Suppose -4*m = -2*q + 34, -8 = 2*q - 2*m - 38. What is the remainder when z is divided by q?
9
Suppose 4*f = 2*f + 54. Suppose 0 = 2*q + 6*q + 128. Let d = q + f. Calculate the remainder when 42 is divided by d.
9
Let u be (53/2)/(1/(-2)). Calculate the remainder when 178 is divided by (3 - u/2) + (-1)/(-2).
28
Suppose 635 = 31*m - 140. Calculate the remainder when 222 is divided by m.
22
What is the remainder when 22 is divided by ((-72)/56)/9*-35?
2
Suppose -4*f + 240 = -0*f + 4*q, f = 2*q + 45. Calculate the remainder when 438 is divided by f.
53
Let u(r) = -3*r**2 + 41*r - 8. Calculate the remainder when u(13) is divided by 4.
2
Let y = 0 - -21. Let l be ((-140)/(-30))/(4/(-6)). Let s(g) = -6*g + 17. What is the remainder when s(l) is divided by y?
17
What is the remainder when (7/28*4)/(2/556) is divided by 93?
92
Suppose 3*r + 0*r = 129. Calculate the remainder when 1203 is divided by r.
42
Suppose -2*v - 3*s + 24 = -3, 0 = -5*v - 3*s + 54. Calculate the remainder when 4/(-6)*(7 - 43) is divided by v.
6
Let p be (-20 + 4)/1 + 3. Let x(d) = d**2 + 14*d + 17. Calculate the remainder when 6 is divided by x(p).
2
Let f(d) = -2*d**3 + 61*d**2 + 31*d + 26. Calculate the remainder when 40 is divided by f(31).
14
Suppose g = 2*x + 11, 2*g - 6*g + x + 16 = 0. What is the remainder when ((-16)/9)/((-100)/900) is divided by g?
1
Let h(f) = -3*f**2 + 8 + 0*f + 4*f**2 - 7*f. Suppose 212 = 8*z - 36. What is the remainder when z is divided by h(7)?
7
Suppose 0 = -2*n - 2*n + 268. Let o(y) = -3*y - y + 2*y - y**2 + y + 17. What is the remainder when n is divided by o(0)?
16
Suppose 3*h = 2 - 8. Let w(j) = -5*j**3 + 2*j**2 + 3*j + 4. What is the remainder when w(h) is divided by 6?
4
Suppose 89*v = 97*v - 104. What is the remainder when 164 is divided by v?
8
Let a(g) = -g**2 + g. Let v be a(0). Suppose -2*z + 3*z - 2 = v. Suppose -4*c - 2*k + 62 = 0, z*k = -3*k + 25. Calculate the remainder when 50 is divided by c.
11
Let x(q) = 3*q**2 + 9*q + 8. What is the remainder when x(-7) is divided by 50?
42
Let p(u) = 2*u**3 - 3*u**2 - 2*u - 5. Suppose -58446*w + 600 = -58421*w. Calculate the remainder when p(4) is divided by w.
19
Suppose 3*d - 232 = -5*p + 163, 0 = 2*d - 10. Let q = -32 + p. Suppose 0 = -4*f + 4*y + q, -6*f + 2*f = 4*y - 68. What is the remainder when f is divided by 5?
4
Let h(d) = 13*d**2 - 5*d. Let i(q) = q**2 - 1. Let o(l) = h(l) + i(l). Calculate the remainder when o(-2) is divided by 19.
8
Let q = 8 - -35. Calculate the remainder when q is divided by 11.
10
Let n = 197 + -116. Let m(w) = -21*w - 3. Let y be m(-6). Suppose 3*a = -l + 18, -3*a - y + 15 = -5*l. Calculate the remainder when n is divided by l.
18
Suppose -3*b = -8*v + 3*v + 20, 3*v - 12 = -2*b. Suppose 4*o + 4 = b, q - 65 = -0*q - 3*o. What is the remainder when q is divided by 19?
11
Let x = -118 + 121. Let r(n) = -n**3 - n**2 - 9. Let k be r(-7). Suppose -2*g = x*g - k. Calculate the remainder when g is divided by 15.
12
Suppose -693 = 5807*o - 5814*o. What is the remainder when 585 is divided by o?
90
Let f be (34/(-4))/((-1)/(-2)). Calculate the remainder when 46 is divided by 4/((-4)/f) - (-3 - -3).
12
Suppose -2*j - 2*j + 216 = 0. Suppose 0 = -9*n + 281 - 110. Calculate the remainder when j is divided by n.
16
Suppose -8*l + 449 + 87 = 0. Let u = l - 37. Calculate the remainder when u is divided by 11.
8
Let f(j) = -j**3 - 10*j**2 - 2*j + 12. Calculate the remainder when 863 is divided by f(-10).
31
Let w(l) = -l**2 - 15*l - 10. Let r be w(-8). Let m = r - 15. Suppose -4*k - 23 - m = -2*o, 5*o + 5*k = 105. What is the remainder when 44 is divided by o?
21
Suppose 3*q + 4*v = 1 + 1, 0 = -2*q - 2*v + 2. Suppose -5*n - 2*j + 151 = 0, -3*n + 2*j = q*n - 139. Calculate the remainder when n is divided by 8.
5
Suppose -3*a = 2*a - 10. Suppose a*n - n = 4. Suppose -30 = -n*l + 2*l. Calculate the remainder when 27 is divided by l.
12
Let z(r) = 24*r + 7. Suppose 2*f + 3*s + 1 = 10, 4*f = -3*s + 15. Calculate the remainder when z(f) is divided by 10.
9
Suppose 5*y = 4*z - 3, 0*z + 3*y = z + 8. Calculate the remainder when (-5 - (-15)/(-20)*-14)*2 is divided by z.
4
Suppose -3*i + 85 = 5*n, 0 = 5*i - 0*i - 4*n - 80. Calculate the remainder when 77 is divided by i.
17
Let n(q) = -18*q - 38. What is the remainder when 132 is divided by n(-4)?
30
Let w be -1 + (-3722 - (-1 - -4)). Calculate the remainder when 2/((-4)/(-10))*w/(-90) is divided by 42.
39
What is the remainder when 22 is divided by 36*(-21 - -19)*1/(-9)?
6
What is the remainder when (12 - (-931)/(-76)) + 737/4 is divided by 23?
0
Suppose 540 = -60*p + 65*p. Calculate the remainder when p is divided by 29.
21
Let t(p) = -8*p**3 - p**2 - 4. Let v be t(-2). Suppose -12*b = -8*b - v. Calculate the remainder when 26 is divided by b.
12
Let n = 145 + -103. Suppose -v = 2*v - n. What is the remainder when v is divided by (10 + -9)/((4/3)/4)?
2
Let z(i) = 5*i**2 - i - 2. Let t be z(-1). What is the remainder when 53 is divided by ((-3)/2)/(t/(-72))?
26
Let z be 1 + 518/10 + (-7)/(-35). What is the remainder when (z + 0)/(-6 - -7) is divided by 18?
17
Suppose 20*x - 80 - 100 = 0. Calculate the remainder when 12 is divided by x.
3
Let f = 13 - 10. Let a(b) = -4*b - 16. What is the remainder when a(-6) is divided by f?
2
Suppose 6*z + 5*z - 2266 = 0. Calculate the remainder when z is divided by 42.
38
Suppose s = 3*d - 34, 32 = 4*d - 5*s + s. Suppose -8*v + d*v = 50. Let t(m) = -m**3 - m**2 + 2*m + 25. Calculate the remainder when t(0) is divided by v.
5
Calculate the remainder when 24 - ((-2)/(-8))/(3/12) is divided by 5.
3
Let b(p) = p**3 - 5*p**2 + 4*p - 7. Let r(k) = k**2 - k + 5. Let n be r(0). Calculate the remainder when 129 is divided by b(n).
12
Let n = -16 + 18. Let i(z) = -9*z + n - 6 - z**2 - 1. Calculate the remainder when 36 is divided by i(-6).
10
Let h(t) be the third derivative of -t**5/60 - 7*t**4/24 - t**3/3 - 33*t**2. Calculate the remainder when h(-3) is divided by 6.
4
Let r be (0 - 0)/(7/(-7)). Suppose r = 3*k - 2*k - 21. Suppose f = -2*f + k. Calculate the remainder when 12 is divided by f.
5
Let y(w) = -8*w - 29. What is the remainder when 199 is divided by y(-6)?
9
Suppose 7 = -4*y + 191. Let s = 28 + -19. Suppose s*q - 12*q + 75 = 0. What is the remainder when y is divided by q?
21
Suppose -r = -6*r + 80. Let v(t) = -t**2 - 9*t - 14. Let w be v(-6). Calculate the remainder when 94/w*(-18)/(-9) is divided by r.
15
Let x be -3 + ((-108)/(-1))/4. Suppose 5*i - i = x. Let t(c) = c**2 + 2*c + 11. What is the remainder when t(i) is divided by 15?
14
Suppose -n + 26 = 3*o, 7*o = 5*o + 5*n + 6. What is the remainder when 8 is divided by o?
0
Suppose -36*j - 3850 = -190*j. What is the remainder when (-18)/2*-8 - -1 is divided by j?
23
Let i = 1899 + -1758. Calculate the remainder when i is divided by 89.
52
Calculate the remainder when 36 is divided by (-252)/(-28)*(1 + 4/(-6)).
0
Suppose 0 = -3*a + 15, 4*u + a = 2*a - 85. Let i = -16 - u. Let m(n) = 5*n**2 + 3*n - 10. Calculate the remainder when m(i) is divided by 17.
14
Suppose 1150 + 555 = u. What is the remainder when u is divided by 61?
58
Let z = 16 - -110. Let y = z - 115. Calculate the remainder when 31 is divided by y.
9
Suppose -2 + 234 = 8*y. Calculate the remainder when y is divided by 18.
11
Let g = 86 - 172. Suppose 26*n = 36*n - 350. Calculate the remainder when n is divided by g/(-10) + (-8)/(-20).
8
Suppose -360 = 47*t - 52*t. Calculate the remainder when t is divided by 31.
10
Suppose 556 - 364 = 12*x. What is the remainder when x is divided by 10?
6
Suppose 5*m + 298 = 4*f + 62, 0 = 5*m + 20. Suppose 2*c + 17 = g, -4*g + 0*c + 32 = 4*c. What is the remainder when f is divided by g?
10
Suppose 2*d + 0*d + 48 = 4*g, -58 = -4*g - 3*d. Suppose 5*w + 46 - 161 = 0. Calculate the remainder when w is divided by g.
10
Let v be ((-15)/10)/((-3)/4). Suppose 3*a = 0, 3*d = -v*a - a + 429. Suppose -2*r = 4*f - 0*r - 134, 4*f - r = d. What is the remainder when f is divided by 9?
8
Let w(z) = 18*z**3 + z**2 - z - 1. Let a be w(-1). Let 